{"id":52,"date":"2025-08-12T11:41:12","date_gmt":"2025-08-12T11:41:12","guid":{"rendered":"https:\/\/lahigourdais.com\/?page_id=52"},"modified":"2026-01-12T20:26:05","modified_gmt":"2026-01-12T20:26:05","slug":"lieu","status":"publish","type":"page","link":"https:\/\/lahigourdais.com\/?page_id=52","title":{"rendered":"LE GITE"},"content":{"rendered":"\t\t<div data-elementor-type=\"wp-page\" data-elementor-id=\"52\" class=\"elementor elementor-52\" data-elementor-post-type=\"page\">\n\t\t\t\t<div class=\"elementor-element elementor-element-21073ce6 e-flex e-con-boxed e-con e-parent\" data-id=\"21073ce6\" data-element_type=\"container\" data-e-type=\"container\">\n\t\t\t\t\t<div class=\"e-con-inner\">\n\t\t\t\t<div class=\"elementor-element elementor-element-a97bea7 elementor-widget elementor-widget-spacer\" data-id=\"a97bea7\" data-element_type=\"widget\" data-e-type=\"widget\" data-widget_type=\"spacer.default\">\n\t\t\t\t\t\t\t<div class=\"elementor-spacer\">\n\t\t\t<div class=\"elementor-spacer-inner\"><\/div>\n\t\t<\/div>\n\t\t\t\t\t\t<\/div>\n\t\t\t\t<div class=\"elementor-element elementor-element-5df3f51 elementor-widget elementor-widget-heading\" data-id=\"5df3f51\" data-element_type=\"widget\" data-e-type=\"widget\" data-widget_type=\"heading.default\">\n\t\t\t\t\t<h1 class=\"elementor-heading-title elementor-size-default\">Le g\u00eete touristique<\/h1>\t\t\t\t<\/div>\n\t\t<div class=\"elementor-element elementor-element-51d3273 e-con-full e-flex e-con e-child\" data-id=\"51d3273\" data-element_type=\"container\" data-e-type=\"container\">\n\t\t\t\t<div class=\"elementor-element elementor-element-6d60888 elementor-widget__width-initial elementor-widget-tablet__width-inherit elementor-widget-mobile__width-inherit elementor-widget elementor-widget-image\" data-id=\"6d60888\" data-element_type=\"widget\" data-e-type=\"widget\" data-widget_type=\"image.default\">\n\t\t\t\t\t\t\t\t\t\t\t\t\t\t\t<img fetchpriority=\"high\" decoding=\"async\" width=\"1600\" height=\"1200\" src=\"https:\/\/lahigourdais.com\/wp-content\/uploads\/2025\/09\/1f40a025-b5a0-42d1-be3d-97c4ba12f2ea.jpeg\" class=\"attachment-full size-full wp-image-129\" alt=\"\" srcset=\"https:\/\/lahigourdais.com\/wp-content\/uploads\/2025\/09\/1f40a025-b5a0-42d1-be3d-97c4ba12f2ea.jpeg 1600w, https:\/\/lahigourdais.com\/wp-content\/uploads\/2025\/09\/1f40a025-b5a0-42d1-be3d-97c4ba12f2ea-300x225.jpeg 300w, https:\/\/lahigourdais.com\/wp-content\/uploads\/2025\/09\/1f40a025-b5a0-42d1-be3d-97c4ba12f2ea-1024x768.jpeg 1024w, https:\/\/lahigourdais.com\/wp-content\/uploads\/2025\/09\/1f40a025-b5a0-42d1-be3d-97c4ba12f2ea-768x576.jpeg 768w, https:\/\/lahigourdais.com\/wp-content\/uploads\/2025\/09\/1f40a025-b5a0-42d1-be3d-97c4ba12f2ea-1536x1152.jpeg 1536w\" sizes=\"(max-width: 1600px) 100vw, 1600px\" \/>\t\t\t\t\t\t\t\t\t\t\t\t\t\t\t<\/div>\n\t\t\t\t<div class=\"elementor-element elementor-element-b1fdeca elementor-widget elementor-widget-text-editor\" data-id=\"b1fdeca\" data-element_type=\"widget\" data-e-type=\"widget\" data-widget_type=\"text-editor.default\">\n\t\t\t\t\t\t\t\t\t<p style=\"font-weight: 400;\">Le logement d&rsquo;une capacit\u00e9 d&rsquo;accueil de 4 personnes, comprend :<\/p><ul><li style=\"font-weight: 400;\">une suite avec une chambre (lit en 180 cm) et une salle de bain et toilettes ind\u00e9pendants<\/li><li style=\"font-weight: 400;\">une deuxi\u00e8me chambre (lit en 140cm) avec salle de bain et toilettes au RDC<\/li><li style=\"font-weight: 400;\">un grand salon avec un espace repas<\/li><li style=\"font-weight: 400;\">une cuisine<\/li><li>un coin bureau (id\u00e9al pour du t\u00e9l\u00e9travail)<\/li><li>un espace forme (v\u00e9lo d&rsquo;appartement et table de massage)<\/li><li>un espace ext\u00e9rieur (table de jardin)<\/li><\/ul><p>\u00a0<\/p><p>Vous pouvez disposer d&rsquo;un piano \u00e0 queue, \u00e0 louer s\u00e9par\u00e9ment dans le cadre d&rsquo;activit\u00e9s musicales (Voir ci-dessous).<\/p><p>\u00a0<\/p><p style=\"font-weight: 400;\">Les petits d\u00e9jeuners ne sont pas compris (machine \u00e0 caf\u00e9 Nespresso, th\u00e9, tisanes et caf\u00e9 soluble \u00e0 disposition). Si vous souhaitez un petit-d\u00e9jeuner, merci de nous en informer par avance.<\/p><p style=\"font-weight: 400;\">\u00a0<\/p><p style=\"font-weight: 400;\">Le logement est \u00e9quip\u00e9 de Wifi avec la fibre.<\/p><p style=\"font-weight: 400;\">\u00a0<\/p><p style=\"font-weight: 400;\">Les r\u00e9servations pour le g\u00eete se font via <a href=\"https:\/\/www.airbnb.fr\/hosting\/listings\/editor\/1454465193735078831\/view-your-space\">le site AirBnb<\/a>.<\/p>\t\t\t\t\t\t\t\t<\/div>\n\t\t\t\t<\/div>\n\t\t\t\t<div class=\"elementor-element elementor-element-cd9a75f elementor-widget elementor-widget-spacer\" data-id=\"cd9a75f\" data-element_type=\"widget\" data-e-type=\"widget\" data-widget_type=\"spacer.default\">\n\t\t\t\t\t\t\t<div class=\"elementor-spacer\">\n\t\t\t<div class=\"elementor-spacer-inner\"><\/div>\n\t\t<\/div>\n\t\t\t\t\t\t<\/div>\n\t\t\t\t<div class=\"elementor-element elementor-element-792a0de elementor-widget elementor-widget-heading\" data-id=\"792a0de\" data-element_type=\"widget\" data-e-type=\"widget\" data-widget_type=\"heading.default\">\n\t\t\t\t\t<h1 class=\"elementor-heading-title elementor-size-default\">Activit\u00e9 musicale<\/h1>\t\t\t\t<\/div>\n\t\t<div class=\"elementor-element elementor-element-d99a8b8 e-con-full e-flex e-con e-child\" data-id=\"d99a8b8\" data-element_type=\"container\" data-e-type=\"container\">\n\t\t\t\t<div class=\"elementor-element elementor-element-52ee0fd elementor-widget__width-initial elementor-widget-tablet__width-inherit elementor-widget-mobile__width-inherit elementor-widget elementor-widget-image\" data-id=\"52ee0fd\" data-element_type=\"widget\" data-e-type=\"widget\" data-widget_type=\"image.default\">\n\t\t\t\t\t\t\t\t\t\t\t\t\t\t\t<img decoding=\"async\" width=\"768\" height=\"1024\" src=\"https:\/\/lahigourdais.com\/wp-content\/uploads\/2025\/08\/IMG_7619-768x1024.jpeg\" class=\"attachment-large size-large wp-image-53\" alt=\"\" srcset=\"https:\/\/lahigourdais.com\/wp-content\/uploads\/2025\/08\/IMG_7619-768x1024.jpeg 768w, https:\/\/lahigourdais.com\/wp-content\/uploads\/2025\/08\/IMG_7619-225x300.jpeg 225w, https:\/\/lahigourdais.com\/wp-content\/uploads\/2025\/08\/IMG_7619-1152x1536.jpeg 1152w, https:\/\/lahigourdais.com\/wp-content\/uploads\/2025\/08\/IMG_7619-1536x2048.jpeg 1536w, https:\/\/lahigourdais.com\/wp-content\/uploads\/2025\/08\/IMG_7619-scaled.jpeg 1920w\" sizes=\"(max-width: 768px) 100vw, 768px\" \/>\t\t\t\t\t\t\t\t\t\t\t\t\t\t\t<\/div>\n\t\t\t\t<div class=\"elementor-element elementor-element-aae9f71 elementor-widget elementor-widget-text-editor\" data-id=\"aae9f71\" data-element_type=\"widget\" data-e-type=\"widget\" data-widget_type=\"text-editor.default\">\n\t\t\t\t\t\t\t\t\t<p>Le g\u00eete musical est constitu\u00e9 du g\u00eete d\u00e9crit ci-dessus, mais avec la possibilit\u00e9 d&rsquo;utiliser le piano \u00e0 queue install\u00e9 dans le salon. C&rsquo;est un B\u00f6sendorfer 3\/4 de queue (225) avec un son exceptionnel.\u00a0<\/p><p>\u00a0<\/p><p>Le grand espace du rez-de-chauss\u00e9e-de-chauss\u00e9e permet des sessions de r\u00e9p\u00e9tition, \u00a0de cours ou d&rsquo;activit\u00e9s musicales de groupe, avec ou sans acc\u00e8s aux chambres.\u00a0<\/p><p>Pour des activit\u00e9s de groupe, il existe de possibilit\u00e9s de g\u00eetes suppl\u00e9mentaires \u00e0 proximit\u00e9 (\u00e0 distance raisonnable de marche).\u00a0<\/p><p>\u00a0<\/p><p>Contactez nous pour obtenir un devis pour toutes les activit\u00e9s musicales possibles dans le g\u00eete.\u00a0<\/p>\t\t\t\t\t\t\t\t<\/div>\n\t\t\t\t<\/div>\n\t\t\t\t\t<\/div>\n\t\t\t\t<\/div>\n\t\t\t\t<\/div>\n\t\t","protected":false},"excerpt":{"rendered":"<p>Le g\u00eete touristique Le logement d&rsquo;une capacit\u00e9 d&rsquo;accueil de 4 personnes, comprend : une suite avec une chambre (lit en 180 cm) et une salle de bain et toilettes ind\u00e9pendants une deuxi\u00e8me chambre (lit en 140cm) avec salle de bain et toilettes au RDC un grand salon avec un espace repas une cuisine un coin [&hellip;]<\/p>\n","protected":false},"author":1,"featured_media":0,"parent":0,"menu_order":0,"comment_status":"closed","ping_status":"closed","template":"","meta":{"footnotes":""},"class_list":["post-52","page","type-page","status-publish","hentry"],"_links":{"self":[{"href":"https:\/\/lahigourdais.com\/index.php?rest_route=\/wp\/v2\/pages\/52","targetHints":{"allow":["GET"]}}],"collection":[{"href":"https:\/\/lahigourdais.com\/index.php?rest_route=\/wp\/v2\/pages"}],"about":[{"href":"https:\/\/lahigourdais.com\/index.php?rest_route=\/wp\/v2\/types\/page"}],"author":[{"embeddable":true,"href":"https:\/\/lahigourdais.com\/index.php?rest_route=\/wp\/v2\/users\/1"}],"replies":[{"embeddable":true,"href":"https:\/\/lahigourdais.com\/index.php?rest_route=%2Fwp%2Fv2%2Fcomments&post=52"}],"version-history":[{"count":75,"href":"https:\/\/lahigourdais.com\/index.php?rest_route=\/wp\/v2\/pages\/52\/revisions"}],"predecessor-version":[{"id":615,"href":"https:\/\/lahigourdais.com\/index.php?rest_route=\/wp\/v2\/pages\/52\/revisions\/615"}],"wp:attachment":[{"href":"https:\/\/lahigourdais.com\/index.php?rest_route=%2Fwp%2Fv2%2Fmedia&parent=52"}],"curies":[{"name":"wp","href":"https:\/\/api.w.org\/{rel}","templated":true}]}}